 and l.
3
Let q(h) = 3*h**2 - 4*h - 19. Let v be q(-3). What is the greatest common factor of v and 30?
10
Let y be (11 + -3)*28/8. Calculate the highest common divisor of y and 224.
28
Suppose 3*x - 29 = -r - 3, 5*x - 25 = 0. Let c = -13 - -24. What is the greatest common factor of c and r?
11
Suppose -5*s = -5*l + 160, 4*s + 2*l + 0*l = -158. Let v be s/(-5) - (-2)/(-5). Let a = -10 + 17. Calculate the greatest common factor of a and v.
7
Suppose -d + 86 = -4*f + 4*d, -5*d = -5*f - 105. Let q = f + 46. Let x = q - 12. Calculate the greatest common factor of 135 and x.
15
Suppose 3*b = 5*b - 28. Let w = 4 - -3. What is the highest common divisor of w and b?
7
Suppose 5*p + 6 = 36. Let q = p + 4. What is the greatest common factor of q and 20?
10
Let o = -4 - -7. Let l(k) = 2 - k**2 - k + 3*k**2 - o*k**2. Let s be l(0). Calculate the highest common factor of s and 10.
2
Suppose z + 2*q + 0 = 9, -5*q - 45 = -2*z. Calculate the greatest common factor of 9 and z.
3
Let r = 119 + -104. What is the highest common divisor of r and 6?
3
Let w = -126 + 142. Calculate the greatest common divisor of 64 and w.
16
Let c(x) be the first derivative of -x**3/3 - 8*x + 2. Let y be c(0). Let g be 36/y*8/(-6). What is the highest common factor of g and 66?
6
Suppose 0 = 9*z - 5*z - 140. Calculate the greatest common factor of 385 and z.
35
Let f = 156 + -76. What is the greatest common divisor of f and 16?
16
Let y = -27 + 49. What is the highest common factor of y and 66?
22
Let x be (-14)/(-2 - 0/(-1)) - 1. Let w be 6 + -4 - (-1 + -3). Calculate the greatest common divisor of x and w.
6
Let z = 7 - -22. Suppose -4*u + z = 5. Let g = 26 - -22. What is the greatest common divisor of g and u?
6
Suppose 3*w - 4 = w. Let t(a) = -4*a**w + 4*a**2 + 63 - a**2. Let c be t(0). Calculate the highest common divisor of 9 and c.
9
Let n be 224/10 + (-4)/40*4. What is the highest common divisor of 242 and n?
22
Suppose 12 = 4*w - 3*w. Suppose 4*c = -2*s + 2, -3*c = 2*c - 3*s - 19. Suppose 0 = i + c*i - 72. What is the highest common divisor of i and w?
12
Let x = 26 + 17. Suppose -q - 4*b = -12 - 24, 0 = 3*q - b - x. Calculate the greatest common factor of q and 4.
4
Let k(i) be the third derivative of -i**5/60 + i**4/3 - 2*i**3/3 + 2*i**2. Let z be k(6). Calculate the greatest common divisor of 2 and z.
2
Let b(v) be the first derivative of 5*v**3/3 - 5*v**2/2 - 7*v - 2. Let w be b(-5). What is the highest common divisor of 13 and w?
13
Let l(b) = -2*b**3 - b**2 - 2*b - 3. Suppose 0*h - 3*h = -5*d - 4, -h - 4 = d. Let o be l(h). Calculate the greatest common divisor of o and 78.
13
Let w(g) = 10*g - 7. Let j be w(4). What is the highest common factor of 231 and j?
33
Let i(d) = -d - 5. Let p be i(-8). Let v(l) = l**2 - 2. Let x be v(p). Let u = -8 - -36. Calculate the greatest common factor of u and x.
7
Suppose 25 = 5*i + 5*j, -8 - 17 = -5*i + 2*j. Suppose 0 = -5*x + i*p + 415, 2*p - 61 = 3*x - 308. Calculate the highest common factor of x and 9.
9
Let s(y) be the third derivative of y**5/30 - y**4/4 + y**3 - y**2. Let t be s(4). What is the highest common divisor of t and 7?
7
Let h(w) = 7*w - 11. Let s be h(8). Calculate the highest common divisor of 15 and s.
15
Let f be 9 + 0/(-2) + 0. Let y(a) = a**2. Let s be y(1). Let x = s + f. What is the highest common divisor of x and 50?
10
Let i(z) be the first derivative of -z**3/3 + 4*z**2 - 3*z - 5. Let n be i(6). Calculate the greatest common factor of 27 and n.
9
Suppose 11 = -4*p - 1. Let v be 27/((-3)/6*p). Suppose -v - 6 = -2*l. Calculate the highest common divisor of l and 12.
12
Let x = 727 + -491. Suppose -5*y - s + 1809 = -2*s, 1089 = 3*y + 3*s. Let c = y - x. What is the highest common divisor of 14 and c?
14
Suppose -67 = -4*h - 19. Suppose 0 = m - 3*m. Let x = m - -4. Calculate the highest common factor of x and h.
4
Suppose 2*b + 2*r = 26, -4*b = -r - 28 + 1. Let w = -8 + b. Suppose 3*t - 33 - 12 = w. Calculate the highest common factor of t and 30.
15
Let x(z) = -2*z**2 + 2*z**2 - z**2 + 63. Let y be x(0). Let a be 14/8*1*4. Calculate the greatest common factor of a and y.
7
Let z(w) = -2*w**2 + 4*w - 1. Let j(v) = v**2 - v - 1. Let m(a) = 3*j(a) + z(a). Let o be m(4). What is the greatest common factor of 16 and o?
16
Suppose 16*c - 8*c - 352 = 0. Calculate the highest common factor of c and 22.
22
Suppose z + g - 48 = -z, -21 = -z - 2*g. What is the greatest common divisor of z and 25?
25
Let l be (-2)/(-13) - (-900)/65. What is the greatest common divisor of 42 and l?
14
Let t = 10 - 5. Let q be (-1)/(-5)*4*t. Calculate the greatest common factor of 4 and q.
4
Let u = -33 + 50. Suppose -3*o - 7 + 292 = 0. Let m = o + 41. Calculate the highest common factor of m and u.
17
Let a = -43 + 151. Calculate the highest common divisor of 12 and a.
12
Suppose 0*x + 3*x = 42. Let f = 14 + 0. What is the highest common factor of x and f?
14
Suppose 0*b + 129 = 3*b. Suppose -29 = -3*f - u, u + b = -f + 6*f. What is the greatest common factor of f and 81?
9
Let g = 8 - 3. Suppose -5*w - 3 = 2*l, 3*l + 1 + 7 = -4*w. Let z = g - w. What is the greatest common divisor of 4 and z?
4
Suppose 2*n - 3*n = -1. Let g be 4/5*(6 - -4). Calculate the greatest common divisor of n and g.
1
Let x = -1 + 0. Let b be x + (2 - (2 - -1)). Let h be (88/(-12))/(b/6). What is the highest common factor of 2 and h?
2
Let h = 16 - -16. Let d = h - 9. Calculate the greatest common factor of d and 23.
23
Let w(i) = i**3 + 6*i**2 + 3*i. Let s be w(-2). Suppose 3*u - 167 = 73. What is the greatest common divisor of s and u?
10
Let f(i) = i**2 - 2*i + 5. Let k be f(-5). Let w(z) = z**3 - z**2 - 3*z - 4. Let n be w(3). What is the highest common divisor of n and k?
5
Suppose 3*c = 3*f + 57 + 42, -3*c = -2*f - 102. Calculate the highest common divisor of 36 and c.
36
Suppose -1023 = -3*h - c, h - 138 = 4*c + 203. Calculate the greatest common divisor of h and 31.
31
Let d be (1*3)/(4 + -5). Let q be 54/2 + d + 1. Let i be (1 + -1)/1 - -10. Calculate the greatest common factor of q and i.
5
Let u(f) = -f**2 - 9*f. Let y be u(-7). What is the greatest common divisor of 28 and y?
14
Let x be (8/(-10))/((-4)/30). Suppose -5 = d, 6 = -v - 5*d + 2*d. What is the greatest common factor of v and x?
3
Let z = 22 + -34. Let u = -6 - z. Calculate the greatest common factor of u and 18.
6
Let o be (24/(-9))/(2/(-9)). Calculate the greatest common divisor of 132 and o.
12
Let y be (-22)/3 - 4/6. Let j = 0 - y. Suppose -40 + 360 = 5*x. Calculate the highest common divisor of j and x.
8
Suppose 1 + 21 = -j. Let a = -14 - j. What is the greatest common divisor of 88 and a?
8
Let z(n) = -n - 2. Let d be z(0). Let o be ((-98)/4 - -2)*d. Let k be (8 + 2)*(-18)/(-10). Calculate the highest common divisor of k and o.
9
Let m(f) = f**3 + 8*f**2 - 11*f - 12. Let d be m(-9). What is the highest common divisor of 30 and d?
6
Suppose 6*v = 5*v + 104. Calculate the highest common factor of v and 156.
52
Let a = -97 + 185. Let y(t) = -3*t**2 - 2 + 3*t**2 - t**3 - 2 + 2*t + 4*t**2. Let k be y(3). What is the highest common factor of a and k?
11
Let f(h) = -h**3 - 3*h**2 - h. Let k = 6 + -9. Let l be f(k). Suppose -l*y + 0*y = -15. Calculate the highest common factor of y and 45.
5
Suppose -2*z + 63 = -17. Let v = 2 - -53. Let j = v + -35. Calculate the highest common divisor of z and j.
20
Let k = 54 + -14. What is the greatest common divisor of k and 100?
20
Let n = 111 - 76. Let z = n - 26. Let g be -7*((-2)/(-14) - 1). What is the highest common factor of z and g?
3
Let w be (2*(-18)/4)/(-1). Let v be (-130)/(-35) + (-6)/(-21). Let o be ((-297)/(-12))/(1/v). Calculate the highest common divisor of w and o.
9
Let i be 28 - (-4 - -7 - 4). What is the highest common divisor of 232 and i?
29
Let l(o) = -o**3 + 4*o**2 - 2*o + 1. Let p be l(3). Suppose -p*t + 12 = -0*t. Calculate the highest common factor of t and 1.
1
Let i be (-250)/90 + 3 + (-79)/(-9). Calculate the greatest common divisor of 9 and i.
9
Let v = -16 - -21. Suppose -v*s + 107 = -t, -2*t + 3 + 3 = 0. Calculate the greatest common factor of 66 and s.
22
Let t(h) = -h**3 - 4*h**2 - 4*h - 3. Let n be t(-2). Let q = n - -4. Let l be 3/(-4 + q)*-27. Calculate the greatest common divisor of 9 and l.
9
Let f be 23/3 +